n**m - 25 + 15*n**3 - n**2. What is the units digit of g(2)?
7
Let n(j) = 53*j**2 - 15*j + 35. What is the units digit of n(10)?
5
Let f = 21950 + -14219. What is the units digit of f?
1
Suppose 45454 = 14*k + 14486. What is the tens digit of k?
1
What is the thousands digit of 53/((-2968)/(-140))*(-1 + (-3983)/(-1))?
9
Suppose 15*a - 84060 = 5*a. What is the tens digit of a/14 + 16/28?
0
Suppose -x + r = -27515, -69717 - 12836 = -3*x - 5*r. What is the hundreds digit of 4/20 - (-2)/(40/x)?
3
Let i(l) = l**2 + 11*l + 15. Let z be i(-10). Let r be (z*(-36)/(-40))/(2/8). Let q(y) = y**3 - 19*y**2 + 22*y + 6. What is the units digit of q(r)?
8
Let k be (18/(-63))/(5/(-7))*25. Let t = 12 - k. Suppose -2*i = -4*v - 116, -3*v + t*v = -2*i + 131. What is the units digit of i?
8
Let z(i) = -69*i - 11. Let b(a) = -35*a - 5. Let s(r) = -9*b(r) + 4*z(r). Suppose 5*u - y - 10 = y, -8 = -4*u + 5*y. What is the tens digit of s(u)?
7
Let g be (61/(-6))/1*15*-6. Suppose -3*z + 1165 = 2*r, -4*z + 2*r = -657 - g. What is the tens digit of z?
9
Let r = 307 - 310. Let t(j) = j**2 - 4*j - 17. What is the units digit of t(r)?
4
Suppose 4*y = -y - 0*y. Suppose 0*i = 4*i - 5*b - 27, -4*i - 2*b + 34 = y. Suppose -4*h = -i*h + 112. What is the units digit of h?
8
What is the hundreds digit of 1/1 - (-87)/(-174) - 116309/(-2)?
1
Let n(v) = 6*v**2 + 9. Suppose 0 = -5*r - 4*u + 26, -r - 5*u + 2 = -u. Suppose r - 18 = 3*k. What is the units digit of n(k)?
5
Let d(w) = 1237*w**3 + 3*w**2 - 19*w + 2. What is the tens digit of d(2)?
7
Let d(z) = 5*z + 8*z - 29582*z**2 + 29569*z**2 + 3*z**3 - 13. What is the thousands digit of d(9)?
1
Suppose -2*z = -2*g + 10 - 24, 3 = -g. Suppose 0 = -5*j - 0*j + 695. Suppose -x = -a - 49, z*x - x - j = a. What is the tens digit of x?
4
Let v = 306 + -321. Let r(j) = -27*j + 33. What is the tens digit of r(v)?
3
Let t = -627 - -1331. Suppose 4*d + 0*d - 5*z - 703 = 0, 4*d = 4*z + t. What is the units digit of d?
7
Suppose 5*p + 858 - 43 = 0. Let u = 220 + p. What is the tens digit of u?
5
Suppose 96*l = 87*l + 10449. Suppose 3*r - l = -2*f, f - 4*r + 0*r - 586 = 0. What is the hundreds digit of f?
5
Let o = -37 - -39. Let q be (-602)/(-126) + 2/9. Suppose -h + o*u + 2 = 0, -23 - 43 = -q*h - 4*u. What is the tens digit of h?
1
Suppose -4*h = 8, 5*x + h - 76 = 4*h. Suppose 10*u = x*u - 288. Suppose -n = -4*n - 12, 5*n = -4*v + u. What is the tens digit of v?
2
Suppose f = 6*f - 3*f. Suppose 6*n - 948 = -f*n. Suppose 10*w - 8*w - n = 0. What is the tens digit of w?
7
Let d(o) = 4*o - 12. Let z be d(4). Suppose 20 = z*x - 0*x. Suppose -f = -5*f + 5*b + 113, -95 = -x*f - 3*b. What is the units digit of f?
2
Let i be (11/(-13) - 46/299)*-36. Suppose 21452 + 27076 = i*c. What is the units digit of c?
8
Let k be 3676/((7/(-357))/((-3)/(-6))). What is the tens digit of (-7)/(-56) + k/(-48)?
5
Let w be 642/30 + 3/5. Suppose -4*y = n - w, -3*y - 2*n + 14 = -y. Suppose 5*f - 158 = -0*z + z, 4*z = -y*f + 168. What is the units digit of f?
2
Suppose 2*z - 10 = -u, 6*z + 30 = 2*u + 8*z. What is the hundreds digit of (198 - u)/(2 - 1)?
1
Let u = 228 - -32. Let v = u - 32. Suppose s - 4*h - 59 = 0, 5*s - 135 - v = 3*h. What is the units digit of s?
5
Suppose 46*m = 48*m + 340. Let b = m + 205. What is the units digit of b?
5
Let n(k) = -2*k**2 + 60*k + 2. Let s be n(30). Suppose -3*z = 2*l - 97, -s*z + 4*z = -3*l + 133. What is the units digit of l?
1
Suppose -5*k - 12 = -2*r + 2, -2*r + k - 2 = 0. What is the units digit of (-8)/r*(-10656)/(-64)?
4
Suppose 3*a - a = -3*t - 2375, 5*t + 3973 = 4*a. What is the units digit of ((-8 - -7) + -1)*t?
6
Let k be (2/7 + (-18)/(-84))*42. Suppose -132 = -23*w + k*w. What is the tens digit of w?
6
Let p = -330 - -2025. Suppose -q - 2*x + 7*x + 842 = 0, 2*q + x = p. What is the tens digit of q?
4
Let j(r) = 78*r**3 - 15*r**2 - r + 10. Let q(x) = -78*x**3 + 11*x**2 - 10. Let i(w) = 2*j(w) + 3*q(w). What is the tens digit of i(-2)?
3
What is the ten thousands digit of 27147 + (-3 - -18) - (-2 - 9)?
2
Suppose h = -1 + 3. Suppose -5*m + 35 = -3*a - h*a, m - 1 = 4*a. Let l(f) = -f**3 + 10*f**2 - f - 10. What is the units digit of l(m)?
2
Let s = 77207 - 46087. What is the thousands digit of s?
1
Suppose -5*k + 15656 = x, -1554 + 4666 = k + 5*x. What is the tens digit of k?
3
Let b(m) = 83*m**2 - 34*m - 223. What is the ten thousands digit of b(14)?
1
What is the hundreds digit of ((-5)/2)/(2/(-1135)*65/156)?
4
Let d(t) = -2031*t**3 - 77*t**2 - 156*t + 5. What is the tens digit of d(-2)?
5
What is the units digit of (-57973*7/(-14))/((-3)/(-6))?
3
Suppose -3748 = -5*f + 7922. Let a be (-1)/(-6) - f/(-36). Suppose i = 3*c - 43, -4*c + 5*i + a = c. What is the tens digit of c?
1
Let u(d) = -16*d - 9. Suppose -3*f = 4*q - 6*q + 178, 2 = -2*q. Let g be 14*(f/(-28) - 3). What is the units digit of u(g)?
3
Let b be -8 - -26 - 7 - 6. Suppose -4*c + 3075 = b*v, 5*v + 2*c - 3*c = 3050. What is the units digit of v?
1
Let c be (2/4)/((-5)/220). Let t = -16 - c. What is the units digit of t/(-4)*880/(-30)?
4
Let i(m) = -16*m - 1. Let x be i(-5). Let y = x - -7. Suppose 4*f - y = -78. What is the units digit of f?
2
Let g(a) = -2461*a + 160. What is the ten thousands digit of g(-6)?
1
What is the thousands digit of (3 + 0)*3231*(-5)/(-15)?
3
Suppose -43*v + 18*v = -44075. What is the thousands digit of v?
1
Suppose 50*p = 144809 + 213941. What is the thousands digit of p?
7
Suppose 5*w + 4*s - 89 = 0, 5*w - 87 = -s - s. Let g = -15 + w. What is the tens digit of 249/2 + -1 + (-1)/g?
2
Let t(m) be the second derivative of -m**3/6 + 1123*m**2/2 + 13*m. Let d be t(0). Suppose -5*b - 48 = -d. What is the units digit of b?
5
Let a be 2/((8/(-6))/(12/(-9))). Suppose 14*r + 6 = 11*r, -r = -a*l + 2032. What is the tens digit of l?
1
Let v(o) = 3251*o**2 + o. Let g be v(1). What is the units digit of g/72 - (-1)/(-6)?
5
Suppose 553 = 2*p - d - 2441, 1483 = p - 4*d. What is the tens digit of p?
9
Let h(f) = 2*f**2 - 27*f - 675. What is the units digit of h(-19)?
0
What is the ten thousands digit of 60555 + (13 - (-200)/(-10))?
6
Suppose 51*a - 2301 = 49*a - 639. What is the tens digit of a?
3
Suppose 0 = -41*g - 38*g + 4*g + 1389525. What is the ten thousands digit of g?
1
Suppose -47*h = -49*h + a + 24656, 2*h = 7*a + 24692. What is the tens digit of h?
2
Suppose 0 = 2*h + h - 267. Let t = 12 - 9. Suppose s = -t*s + 3*z + 356, 0 = -s - 3*z + h. What is the tens digit of s?
8
Let s(z) = -30*z**2 + 7*z + 6. Let c be s(-2). Let a = 248 + c. What is the tens digit of a?
2
Suppose 4*z - 20 = 2*a, 3*a + 23 + 3 = 4*z. Let c = 523 - a. What is the tens digit of c?
2
Let x(v) = 41*v**2 + 13*v + 19. Let k be x(-4). Let w = k + -223. What is the tens digit of w?
0
Let s(d) = 174*d + 486. Let r(b) = -87*b - 244. Let x(p) = 5*r(p) + 2*s(p). What is the units digit of x(-24)?
0
What is the tens digit of ((-638)/5 - -2)/((-38)/285)?
4
Let x = -4 - -38. Suppose 44*r - 53*r + 2529 = 0. Suppose 7*w - r = x. What is the tens digit of w?
4
Let p(k) = -2*k - 4. Let h be p(-4). Let m(o) be the first derivative of 3*o**4/4 - o**3 - o**2/2 - 5*o + 1714. What is the hundreds digit of m(h)?
1
Suppose 2*n = -0 + 40. Suppose 4*u + 4*z + 495 = -209, -5*z - n = 0. Let d = 251 + u. What is the tens digit of d?
7
Let x = -803 + 835. Suppose j = -4*i + 5087, 3*i - 28*j - 3825 = -x*j. What is the hundreds digit of i?
2
Suppose -40*j + 19626 = 60788 - 437362. What is the units digit of j?
5
Let u(k) = 11*k**2 + 140*k + 538. What is the hundreds digit of u(-54)?
0
What is the units digit of ((-4)/8)/((-116422)/23284 + (3 - -2))?
1
Let d = -281 - -302. Suppose 537 - 13683 = -d*z. What is the hundreds digit of z?
6
Let m be (-52 + 46)*1/6*-1. What is the tens digit of (m*174)/((-14)/63*-3)?
6
Let r(c) = -180*c + 222. What is the units digit of r(-3)?
2
Let s(j) = j**3 + 7*j**2 - 5*j + 13. Let x be s(-6). Suppose 15*w - 14*w - 2*v = x, 0 = 5*w - 4*v - 419. Suppose w - 209 = -a. What is the hundreds digit of a?
1
Let b = 332 - 356. Let t(m) = -m**2 - 26*m + 9. What is the tens digit of t(b)?
5
Let v(f) = 2928*f**2 - 21*f + 60. What is the ten thousands digit of v(3)?
2
What is the units digit of 12/14*42/63*13517?
4
Suppose 0*t - 2*t + 22 = 4*s, t = 5*s - 10. Suppose -s*j - 481 = -2